Calculate the remainder when 160 is divided by 41.
37
Calculate the remainder when 1372 is divided by 32.
28
What is the remainder when 1898 is divided by 379?
3
Calculate the remainder when 330 is divided by 107.
9
Calculate the remainder when 292 is divided by 156.
136
What is the remainder when 974 is divided by 49?
43
What is the remainder when 314 is divided by 103?
5
Calculate the remainder when 614 is divided by 124.
118
Calculate the remainder when 437 is divided by 39.
8
What is the remainder when 108 is divided by 24?
12
Calculate the remainder when 69 is divided by 8.
5
What is the remainder when 112 is divided by 41?
30
What is the remainder when 547 is divided by 19?
15
Calculate the remainder when 1894 is divided by 73.
69
Calculate the remainder when 35 is divided by 19.
16
What is the remainder when 2047 is divided by 64?
63
Calculate the remainder when 229 is divided by 36.
13
What is the remainder when 207 is divided by 13?
12
Calculate the remainder when 90 is divided by 20.
10
Calculate the remainder when 176 is divided by 54.
14
What is the remainder when 42 is divided by 39?
3
What is the remainder when 668 is divided by 61?
58
What is the remainder when 665 is divided by 112?
105
Calculate the remainder when 7811 is divided by 126.
125
What is the remainder when 88 is divided by 27?
7
What is the remainder when 444 is divided by 89?
88
What is the remainder when 350 is divided by 84?
14
What is the remainder when 94 is divided by 32?
30
Calculate the remainder when 87 is divided by 33.
21
Calculate the remainder when 199 is divided by 50.
49
What is the remainder when 1916 is divided by 634?
14
What is the remainder when 494 is divided by 163?
5
What is the remainder when 4377 is divided by 3?
0
What is the remainder when 2084 is divided by 14?
12
Calculate the remainder when 2881 is divided by 69.
52
What is the remainder when 70 is divided by 36?
34
Calculate the remainder when 164 is divided by 90.
74
Calculate the remainder when 13 is divided by 12.
1
What is the remainder when 1101 is divided by 116?
57
What is the remainder when 246 is divided by 66?
48
Calculate the remainder when 14520 is divided by 137.
135
Calculate the remainder when 2517 is divided by 42.
39
What is the remainder when 89 is divided by 18?
17
What is the remainder when 366 is divided by 141?
84
Calculate the remainder when 181 is divided by 38.
29
What is the remainder when 7481 is divided by 29?
28
What is the remainder when 346 is divided by 27?
22
Calculate the remainder when 306 is divided by 160.
146
Calculate the remainder when 1008 is divided by 346.
316
What is the remainder when 1152 is divided by 77?
74
What is the remainder when 822 is divided by 7?
3
What is the remainder when 4794 is divided by 44?
42
What is the remainder when 35261 is divided by 16?
13
What is the remainder when 1730 is divided by 343?
15
Calculate the remainder when 124 is divided by 20.
4
Calculate the remainder when 78 is divided by 53.
25
Calculate the remainder when 1679 is divided by 70.
69
What is the remainder when 1285 is divided by 14?
11
Calculate the remainder when 3594 is divided by 21.
3
What is the remainder when 28 is divided by 10?
8
Calculate the remainder when 1249 is divided by 8.
1
What is the remainder when 10282 is divided by 121?
118
What is the remainder when 265 is divided by 6?
1
What is the remainder when 3207 is divided by 6?
3
What is the remainder when 576 is divided by 235?
106
What is the remainder when 1300 is divided by 145?
140
Calculate the remainder when 594 is divided by 17.
16
Calculate the remainder when 203 is divided by 15.
8
What is the remainder when 294 is divided by 4?
2
Calculate the remainder when 1897 is divided by 171.
16
Calculate the remainder when 31 is divided by 16.
15
What is the remainder when 167 is divided by 81?
5
Calculate the remainder when 212 is divided by 23.
5
Calculate the remainder when 253 is divided by 53.
41
Calculate the remainder when 2491 is divided by 58.
55
What is the remainder when 189 is divided by 96?
93
Calculate the remainder when 129 is divided by 26.
25
What is the remainder when 557 is divided by 40?
37
Calculate the remainder when 41816 is divided by 71.
68
Calculate the remainder when 358 is divided by 30.
28
What is the remainder when 1127 is divided by 285?
272
Calculate the remainder when 72 is divided by 15.
12
What is the remainder when 2797 is divided by 465?
7
Calculate the remainder when 74 is divided by 7.
4
Calculate the remainder when 72 is divided by 72.
0
What is the remainder when 237 is divided by 30?
27
What is the remainder when 796 is divided by 14?
12
Calculate the remainder when 1447 is divided by 80.
7
Calculate the remainder when 2962 is divided by 76.
74
Calculate the remainder when 1353 is divided by 7.
2
What is the remainder when 941 is divided by 50?
41
What is the remainder when 734 is divided by 19?
12
What is the remainder when 56 is divided by 22?
12
Calculate the remainder when 1261 is divided by 20.
1
Calculate the remainder when 133 is divided by 27.
25
What is the remainder when 3580 is divided by 56?
52
Calculate the remainder when 5736 is divided by 82.
78
Calculate the remainder when 68 is divided by 8.
4
Calculate the remainder when 5659 is divided by 9.
7
Calculate the remainder when 71 is divided by 29.
13
What is the remainder when 6394 is divided by 13?
11
What is the remainder when 3876 is divided by 37?
28
What is the remainder when 718 is divided by 40?
38
What is the remainder when 768 is divided by 110?
108
Calculate the remainder when 875 is divided by 58.
5
Calculate the remainder when 1870 is divided by 19.
8
What is the remainder when 116 is divided by 76?
40
What is the remainder when 4919 is divided by 5?
4
Calculate the remainder when 67 is divided by 18.
13
Calculate the remainder when 176 is divided by 74.
28
Calculate the remainder when 289 is divided by 14.
9
Calculate the remainder when 350 is divided by 121.
108
What is the remainder when 88 is divided by 9?
7
Calculate the remainder when 1724 is divided by 23.
22
Calculate the remainder when 1241 is divided by 18.
17
Calculate the remainder when 844 is divided by 40.
4
What is the remainder when 10722 is divided by 13?
10
What is the remainder when 518 is divided by 137?
107
What is the remainder when 546 is divided by 25?
21
Calculate the remainder when 1224 is divided by 94.
2
What is the remainder when 41 is divided by 29?
12
What is the remainder when 95 is divided by 73?
22
Calculate the remainder when 109 is divided by 32.
13
Calculate the remainder when 82 is divided by 23.
13
What is the remainder when 67 is divided by 19?
10
What is the remainder when 80 is divided by 37?
6
What is the remainder when 4534 is divided by 24?
22
What is the remainder when 269 is divided by 45?
44
Calculate the remainder when 649 is divided by 163.
160
What is the remainder when 235 is divided by 72?
19
Calculate the remainder when 361 is divided by 118.
7
Calculate the remainder when 193 is divided by 43.
21
What is the remainder when 1725 is divided by 106?
29
What is the remainder when 1496 is divided by 19?
14
Calculate the remainder when 662 is divided by 108.
14
Calculate the remainder when 7 is divided by 1.
0
Calculate the remainder when 227 is divided by 1.
0
What is the remainder when 227 is divided by 39?
32
What is the remainder when 414 is divided by 73?
49
Calculate the remainder when 563 is divided by 21.
17
Calculate the remainder when 120 is divided by 88.
32
Calculate the remainder when 118 is divided by 52.
14
What is the remainder when 812 is divided by 133?
14
Calculate the remainder when 20 is divided by 11.
9
Calculate the remainder when 269 is divided by 83.
20
Calculate the remainder when 530 is divided by 41.
38
What is the remainder when 50201 is divided by 14?
11
What is the remainder when 175 is divided by 75?
25
What is the remainder when 1695 is divided by 10?
5
Calculate the remainder when 7733 is divided by 146.
141
What is the remainder when 173 is divided by 55?
8
Calculate the remainder when 40 is divided by 11.
7
Calculate the remainder when 3539 is divided by 60.
59
Calculate the remainder when 516 is divided by 63.
12
What is the rem